 -8) + -6)?
-10
-10 - 1 - (-10 + 10)
-11
-5 + 8 + 2 + 7 + (-12 - -5)
5
What is the value of -3 + (13 - (15 + -9)) + -8?
-4
What is -8 - -50 - (-12 - -31)?
23
Evaluate 64 - (-19 - -52) - -5.
36
What is (2 - -4 - (-44 + 48) - 7) + -10?
-15
Evaluate 35 - (-49 + 41) - (-1 + (2 - -7)).
35
Calculate 3 - -9 - (-50 - -87).
-25
Calculate (-5 - (-10 + 4) - (3 - -3)) + -6.
-11
(-1 - (-3 + 3)) + -47 + 29
-19
Calculate 0 + 5 + -10 + 7 + 4.
6
What is the value of 1 - -6 - (-140 - -158)?
-11
21 + (-27 - (14 - 16))
-4
Evaluate -1 - -11 - (36 + -31 + 15).
-10
Calculate -4 - -1 - (-3 + (-10 - -20)) - 1.
-11
What is the value of -5 + 27 + 0 + (2 - 13)?
11
What is -3 + 5 + -6 + (-3 - -1)?
-6
What is the value of (21 - 29) + (-14 - -22)?
0
Evaluate 31 + -34 - (-12 + -1).
10
Calculate -16 - (-20 + 10) - (-12 + 2 + -2).
6
Calculate 31 - 57 - 2 - -60.
32
Calculate 8 + -13 + 29 + -14.
10
Evaluate 3 + (-10 - 0 - -2 - -3).
-2
What is -35 + (5 + 5 - 23 - -23)?
-25
What is the value of -20 + -2 + -138 + 142?
-18
Evaluate 6 + (7 + 5 - 31).
-13
What is (0 - 3) + (-12 - 1)?
-16
What is 146 - 117 - (4 - -52)?
-27
Evaluate -2 - 7 - ((-5 - -16) + -1).
-19
Calculate 22 - (8 - (13 - (18 + -11))).
20
What is -7 + 6 + -31 + 37?
5
What is (1 - 6) + (55 + -40 - (2 + -7))?
15
What is the value of -1 + 17 + (17 - 23 - (4 - 9))?
15
What is the value of 5 + 7 - ((-11 - -1) + 36)?
-14
Evaluate -67 + 45 + (-2 - -32) + (-24 - 0).
-16
Evaluate 17 - ((-8 - -10) + 3) - 40.
-28
What is the value of 13 - ((-3 - (-15 + 5)) + -14)?
20
-16 + 6 - (0 - (2 - -7))
-1
Calculate 6 + (-9 - 16 - -7) + -2.
-14
What is -25 + 15 + 33 - (12 - 0)?
11
Evaluate (-13 - -16) + -30 - -18.
-9
Calculate -27 + (-33 - -36) + 5.
-19
-4 - -6 - ((-6 - 7) + 13 - 5)
7
What is 6 - (10 - (-7 - (-6 - (3 - 6))))?
-8
What is -14 - ((-7 - 10 - -8) + 8)?
-13
What is -2 + 2 + (1 + -9 + 2 - -7)?
1
What is the value of 2 - -27 - (-20 - -13 - (-13 - -5))?
28
Evaluate 1 + 0 - -4 - (-16 + 0 - -22).
-1
What is (-12 - (-22 + 18)) + 2?
-6
-3 - (6 + -1 - (154 - 147))
-1
What is -15 - (-6 + (-13 + (-4 - -11) - -5))?
-8
-258 + 264 + -17 + -3 + 3 + -2
-13
10 - (4 - (10 + -23 - -16))
9
What is 16 + -22 - ((0 - -1) + 14)?
-21
Evaluate -12 - (-2 - 6) - -9.
5
What is the value of 5 + (9 - 32) + -12 + 12?
-18
What is 45 + -38 + (1 - ((3 - 3) + 5))?
3
Calculate -33 + 40 - (5 - (12 + -5)).
9
What is the value of (-1 - (1 - 8)) + (-13 - (-8 - 7))?
8
What is the value of (-47 - -30 - -20) + 2 + -3 + -2?
0
Evaluate 5 + 1 + (-19 - -23 - -10).
20
Evaluate 32 + (-1 - 11) + -20 + 19.
19
What is (8 - (-1 + 6)) + -2 + 0?
1
(3 - -8) + (-13 - (-11 + 23))
-14
What is the value of (-17 - 6) + (-21 + 8 + -10 - -14)?
-32
24 - (-5 - (-16 + -9))
4
Evaluate 8 + -12 + -4 - -27.
19
What is (17 - 10 - 35) + -4 + 12?
-20
What is -1 + -3 + (-111 - -101) + 0 + 1?
-13
What is (14 - (0 + 2)) + (113 - 121)?
4
Evaluate -12 + 7 - (-12 - (-14 + 8)).
1
Calculate -3832 + 3866 - (12 - 0 - -1).
21
What is the value of -153 - -157 - (0 + (-1 - 18))?
23
What is -1 + -33 + 2 + 84 + -72?
-20
-32 - -29 - (-4 + (1 - -1))
-1
Calculate -4 + (3 - -1 - (4 + 0)) - -3.
-1
Evaluate (-29 + -9 - -56) + (0 - 1).
17
Calculate 6 - (-26 + 47 + 7).
-22
What is the value of 13 - (9 - ((-3 - -20) + 10))?
31
Calculate 18 - (-11 + -2) - -11 - 9.
33
What is 14 - (0 + 2 + 3 + 1)?
8
-6 + 0 + 1 + (-4 - (21 - 19))
-11
What is the value of -109 + 123 - (-3 - 8)?
25
(9 - (13 + -13)) + -3
6
5 + 5 + -3 + -87 + 72
-8
What is the value of -35 + 59 - (24 + -7)?
7
-31 - ((-1 - 0) + 14 + -21)
-23
What is 23 - ((1 - 3) + (-130 - -133))?
22
Calculate 9 - (6 + 15 + -3 + -37).
28
What is the value of (2 - 23) + (-16 - -4) + 21?
-12
What is the value of -11 - ((5 - 2) + (2 - -5) + -5)?
-16
What is the value of -25 + (-6 - -5 - ((2 - -7) + -14))?
-21
(-1 - -2) + -11 - (267 + -263)
-14
0 - (-43 - (-12 - 7))
24
Evaluate (44 - 12) + -39 + (2 - 0) + -3.
-8
Evaluate 4 + -1 + -7 + 6 + -6.
-4
Calculate -23 + -2 - (-6 - -7 - 17).
-9
What is 258 + -249 - (10 + (-3 - -3) - -1)?
-2
23 - (-49 + 48 - (-7 - -1))
18
What is -5 + -23 - -29 - (1 - -1)?
-1
What is (-11 - (6 - 19)) + 2 - (14 - 0)?
-10
-216 + 201 + (-2 - -14)
-3
Calculate (-22 - (27 + -37)) + 3 + 31.
22
175 + -73 - 53 - (17 + 1)
31
What is 1 + ((0 - 0) + 6 - (-1 + 0))?
8
What is -20 + 1 + -2 - (-7 - (7 + -9))?
-16
14 + -15 + 27 + -22
4
3 + 1 + -13 - (-34 + 37)
-12
What is 0 + (-4 - -7) + 2?
5
Calculate 1 - (6 - 2) - -7 - (8 + -4).
0
What is 11 + (-2 - 22) - -1?
-12
What is -15 + (23 - (-20 + 40))?
-12
(-1 - -5) + -71 + 56 + -1 + 2
-10
Calculate 16 + 18 + -14 + (-2 - 9).
9
Evaluate -28 - (-21 - -2 - -24).
-33
1 + (-1 + -5 + (0 - 6) - -2)
-9
(-1 - -4) + (3 - 2) + 1 - 2
3
6 - 4 - (-2 + -5 + 11)
-2
What is -9 - (3 - (20 + 4))?
12
What is (4 - (-2 + -4)) + -106 + 82?
-14
What is (85 - 42 - 43) + (-1 + -12 - 1)?
-14
What is the value of -222 + 190 - (-1 + -12)?
-19
What is the value of 5 + 2 + 9 + 0 + -2?
14
Calculate 6 + -1 - (-12 + 29 + (-15 - -2)).
1
6 + (-11 + (1 + -8 - -13) - -2)
3
What is 2 - ((15 - 4) + -20)?
11
Evaluate -634 - -624 - (3 - -1).
-14
14 + (2 - 1) - (-1512 - -1547)
-20
Evaluate 2 + 2 + -5 + 5 + -2 + -6.
-4
What is the value of -2 + -37 - (-103 + 83)?
-19
2 - -23 - -3 - 8
20
Evaluate 11 + 34 + -13 + -23.
9
What is -3 + 2 + -3 + (11 - 11)?
-4
Evaluate (-5 - 7) + (-1 - (-2 + 2)).
-13
What is -401 - -451 - (12 - (2 - 3))?
37
What is the value of (18 + -4 - -11) + -15?
10
Calculate -2 - (-4 - -4) - 8.
-10
What is the value of 10 + 139 + -151 + (-3 + 2 - 2)?
-5
What is the value of 10 + -2 + (-66 - -60)?
2
Calculate 892 + -906 + 1 + 36.
23
-3 + 0 - (1 + (-12 - 5))
13
Calculate (-1 - (3 + -3)) + -86 + 96.
9
-5 - -1 - (27 + -20 + -3)
-8
Calculate (-659 - -672) + -32 + -2 + 0.
-21
-21 - (-8 + -8 - -3)
-8
What is the value of -29 + 12 + 4 + 5?
-8
Evaluate -10 - -3 - -13 - -6.
12
Evaluate 12 - (5 + (5 - (8 + -4))).
6
What is 4 + 9 - 9 - (4 + -5 - 5)?
10
What is -2 + 6 + 2 + (6 - 6 - 20)?
-14
What is 13 + (1 - (6 - (-9 + 7))) - 4?
2
Evaluate (324 + -332 - (2 - 2)) + -7 + 1.
-14
Calculate -72 - -72 - (22 - 3).
-19
Calculate -15 - (9 + 13 + -38).
1
What is the value of 17 + -53 - -3 - -11?
-22
What is -1785 + 1741 - (0 + -17)?
-27
What is -6 + (-15 - (-6 + 12) - -5) + 8?
-14
What is 0 + 5 + 5 + -10 + 9 + 3?
12
Evaluate -11 + -4 + -3 + 29 + -7.
4
Evaluate (-98 - -103) + (1 - 4) - 27.
-25
22 - (1 + 23 - (15 + 1))
14
-682 - -648 - (1 - 9)
-26
Calculate -6 - -3 - (-2 + 10 + -15).
4
Calculate -17 - (3 + -55 + 4).
31
Calculate 7 + 0 - (2 - -2) - (1 + -7).
9
What is 2283 - 2285 - (4 - (-1 + (-2 - -5)))?
-4
Evaluate 7 + 3 - (8 + 12 + 3).
-13
Calculate 3 + (-6 - -4) + (3 - (-5 + 0)).
9
What is the value of (-3 - 2) + -10 + 17?
2
3 + -1 + (-13 - -10) + -3 + 0
-4
What is -16 + (5 + 2 - -2) + -1?
-8
What is the value of -46 + 58 - (-1 - 2) - 7?
8
-19 - (9 + -10) - 4
-22
Calculate 2 - ((21 - (-7 - 3)) + -8 - 9).
-12
Calculate -5 - ((-9 - -5) + 1 - (-2 - -4)).
0
-2 + 1 + 1 + (87 - 106)
-19
-12 - (10 - (20 + 18))
16
What is (-8 + 12 - 7 - 7) + -4?
-14
What is (-6 + -7 - 2) + 9?
-6
Calculate (-2 - -1) + (10 - 4 - 12) + -3.
-10
3 + -15 + 30 + -17
1
What is the value of (-37 - -24) + -4 + 5?
-12
What is the value of (0 - (-1 - -8)) + 6 - -5?
4
What is the value of -57 + 66 - (-8 - -3)?
14
Evaluate -14 + 8 + -19 + 13.
-12
What is the value of (13 - (1 + -1)) + (-9 - 29) + 34?
9
-17 + (0 + 3 - 2) + 16
0
(1 + 2 - -3) + -12 - (3 + 2)
-11
Evaluate -8 - (-9 - -10) - (-19 - -9).
1
What is (0 - 4) + -4 - (-5 + 5 + -10)?
2
Evaluate 89 + -7 - 92 - (-6 - 0).
-4
Evaluate -9 + -5 - -4 - 3 - 1.
-14
What is 0 + -7 - (-4 - 7 - -9)?
-5
What is 16 - (3 + 0 + -25 + 26)?
12
0 + (-7 - -5 - -4) + 10
12
What is -31 + ((6 - -9) + 6 - 7)?
-17
Calculate -22 - (-19 + -29 + 28).
-2
What is (0 - -4 - (-13 + 18 - 9)) + 3?
11
30 + -4 - (9 - -4)
13
10 - (1 + 16) - -5 - (0 + -3)
1
Evaluate -8 + (-3 - (-7 + 3 - 1)) + -6.
-12
What is -28 + 28 - -36 - 33?
3
Evaluate -298 + 327 - (2 - 0).
27
What is the value of -46 + 42 + -11 + (15 - -1)?
1
Evaluate -24 - (-40 - (-29 + -14)).
-27
What is 2 + -2 + (1 - 3)?
-2
What is (21 - 0) + 85 + -95?
11
What is (-6 - -7) + 16 - 7 - -7?
17
Calculate (20 - 9) + 1 + -4 - -12.
20
-104 + 112 - (-4 + -1 + 3)
10
What is the value of (5 + (-7 - -3) - 7) + (36 - 35)?
-5
What is the value of -13 - (-3